7, 120371
List the prime factors of 1259420426.
2, 11, 2381, 24043
List the prime factors of 9463919694.
2, 3, 1577319949
List the prime factors of 1851393129.
3, 31, 19907453
List the prime factors of 584264418.
2, 3, 97377403
List the prime factors of 3592837884.
2, 3, 299403157
List the prime factors of 3366425495.
5, 43, 2029, 7717
What are the prime factors of 173302296?
2, 3, 257, 28097
List the prime factors of 17174665.
5, 3434933
What are the prime factors of 933461577?
3, 347, 33211
What are the prime factors of 69202346?
2, 521, 66413
List the prime factors of 99890762.
2, 787, 63463
List the prime factors of 6363384386.
2, 1013, 3140861
What are the prime factors of 411918687?
3, 17, 223, 12073
What are the prime factors of 305932422?
2, 3, 131, 389227
List the prime factors of 67927954.
2, 17, 101, 131, 151
What are the prime factors of 326508351?
3, 13, 179, 46771
What are the prime factors of 1526707048?
2, 331, 576551
What are the prime factors of 322163739?
3, 241, 148531
List the prime factors of 91316415.
3, 5, 2221, 2741
List the prime factors of 45325117.
45325117
List the prime factors of 355282083.
3, 13, 19, 71, 2251
What are the prime factors of 144884568?
2, 3, 6036857
List the prime factors of 164134199.
47, 1181, 2957
What are the prime factors of 272697850?
2, 5, 17, 320821
What are the prime factors of 1025974121?
113, 179, 50723
What are the prime factors of 1475136669?
3, 21313, 23071
What are the prime factors of 2295354474?
2, 3, 7, 67, 271897
List the prime factors of 107758859.
13, 8289143
What are the prime factors of 3775651484?
2, 11, 85810261
List the prime factors of 664655077.
109, 6097753
What are the prime factors of 168308728?
2, 7, 83, 739
What are the prime factors of 1107349798?
2, 47, 269, 43793
List the prime factors of 1149860563.
19, 79, 9697
What are the prime factors of 2313508765?
5, 31, 14925863
What are the prime factors of 6688622516?
2, 19, 149, 590659
List the prime factors of 1549974891.
3, 1117, 462541
What are the prime factors of 714142091?
13, 257, 213751
What are the prime factors of 1028276568?
2, 3, 11, 1298329
List the prime factors of 1346893770.
2, 3, 5, 53, 847103
List the prime factors of 186905950.
2, 5, 7, 11, 43, 1129
What are the prime factors of 3324146406?
2, 3, 7, 19, 4165597
List the prime factors of 3710910341.
109, 34045049
What are the prime factors of 346390589?
17, 79, 97, 2659
What are the prime factors of 1532071478?
2, 7, 457, 239461
What are the prime factors of 187214656?
2, 53, 97, 569
List the prime factors of 503091261.
3, 55899029
What are the prime factors of 1727642?
2, 7, 17, 61
List the prime factors of 117313458.
2, 3, 37, 317, 1667
What are the prime factors of 73250996?
2, 7, 13, 61, 3299
What are the prime factors of 61641775?
5, 13, 241, 787
List the prime factors of 113076069.
3, 373, 101051
What are the prime factors of 5393609393?
3023, 1784191
What are the prime factors of 743080737?
3, 7, 1021, 4951
List the prime factors of 235648375.
5, 37, 50951
List the prime factors of 111891635.
5, 1567, 14281
What are the prime factors of 80126598?
2, 3, 197, 67789
List the prime factors of 3449052587.
2309, 1493743
What are the prime factors of 48755311?
11, 19, 233279
List the prime factors of 4591341.
3, 491, 1039
List the prime factors of 306207355.
5, 61241471
What are the prime factors of 3073440897?
3, 17, 61, 329309
List the prime factors of 24121288.
2, 3015161
List the prime factors of 4707955988.
2, 31, 5639, 6733
What are the prime factors of 1021517765?
5, 107, 349, 5471
What are the prime factors of 319166482?
2, 159583241
List the prime factors of 37852624.
2, 2365789
List the prime factors of 355640874.
2, 3, 43, 577, 2389
List the prime factors of 1622009599.
7, 181, 461, 2777
List the prime factors of 16860163.
19, 887377
List the prime factors of 148222699.
563, 263273
List the prime factors of 3122924129.
13, 281, 65761
What are the prime factors of 24279409?
7, 11, 29, 83, 131
What are the prime factors of 1483848835?
5, 7, 41, 277, 3733
What are the prime factors of 6797812?
2, 7, 242779
What are the prime factors of 89526646?
2, 11, 53, 76781
List the prime factors of 23991763.
313, 76651
List the prime factors of 605295539.
605295539
What are the prime factors of 259308627?
3, 1181, 73189
List the prime factors of 102550663.
47, 277, 7877
List the prime factors of 23038638.
2, 3, 7, 17, 41, 787
List the prime factors of 79084344.
2, 3, 71, 46411
List the prime factors of 29464233.
3, 191, 51421
List the prime factors of 6131271895.
5, 7, 163, 1074719
What are the prime factors of 3858935577?
3, 7, 97, 971, 1951
What are the prime factors of 63772064?
2, 1992877
List the prime factors of 29471626.
2, 14735813
List the prime factors of 450073452.
2, 3, 37506121
List the prime factors of 45934831.
353, 130127
What are the prime factors of 512982298?
2, 1031, 248779
List the prime factors of 759125102.
2, 73, 1801, 2887
List the prime factors of 871532062.
2, 2539, 171629
List the prime factors of 1139418273.
3, 7, 83, 653711
What are the prime factors of 4952393?
73, 179, 379
List the prime factors of 29551544.
2, 11, 335813
List the prime factors of 601095235.
5, 13, 9247619
What are the prime factors of 13774798?
2, 67, 102797
What are the prime factors of 49472606?
2, 24736303
List the prime factors of 221333935.
5, 44266787
What are the prime factors of 322488434?
2, 809, 199313
What are the prime factors of 22807894?
2, 1667, 6841
What are the prime factors of 4931991843?
3, 1643997281
What are the prime factors of 39681681?
3, 13, 1017479
List the prime factors of 11999646.
2, 3, 666647
What are the prime factors of 1099510799?
167, 6583897
What are the prime factors of 333123483?
3, 7, 11, 17, 41, 2069
What are the prime factors of 48266897?
7, 19, 59, 6151
What are the prime factors of 4698579735?
3, 5, 104412883
What are the prime factors of 149042065?
5, 29808413
What are the prime factors of 71801174?
2, 163, 257, 857
What are the prime factors of 2544605?
5, 7, 23, 29, 109
List the prime factors of 1203171987.
3, 401057329
What are the prime factors of 1346514878?
2, 37, 631, 28837
List the prime factors of 1236837277.
13, 4909, 19381
List the prime factors of 76839769.
76839769
What are the prime factors of 1830566125?
5, 181, 80909
What are the prime factors of 1216888142?
2, 608444071
List the prime factors of 3702751168.
2, 293, 379, 521
What are the prime factors of 177028187?
7, 19, 1331039
What are the prime factors of 627666463?
19, 33035077
List the prime factors of 1914902457.
3, 13, 17, 31, 93169
List the prime factors of 518167.
13, 23, 1733
What are the prime factors of 222616587?
3, 4027, 18427
What are the prime factors of 93450314?
2, 46725157
What are the prime factors of 6614183839?
31, 2531, 84299
List the prime factors of 346579668.
2, 3, 307, 10453
What are the prime factors of 76185343?
13, 59, 71, 1399
List the prime factors of 82964462.
2, 7, 5926033
List the prime factors of 162850508.
2, 317, 128431
List the prime factors of 100086744.
2, 3, 67, 929
List the prime factors of 86099008.
2, 1345297
What are the prime factors of 632968313?
101, 6267013
What are the prime factors of 79599649?
241, 330289
List the prime factors of 1489617893.
15773, 94441
What are the prime factors of 58861187?
7, 11, 764431
What are the prime factors of 930138563?
233, 3992011
What are the prime factors of 13234747?
13234747
List the prime factors of 125207074.
2, 17, 19, 101
What are the prime factors of 213124449?
3, 73, 461, 2111
What are the prime factors of 73346180?
2, 5, 677, 5417
List the prime factors of 24740946.
2, 3, 1374497
List the prime factors of 10716087.
3, 3572029
What are the prime factors of 216482692?
2, 17, 71, 44839
What are the prime factors of 36681408?
2, 3, 43, 1481
List the prime factors of 53353846.
2, 7, 13, 41879
What are the prime factors of 99780452?
2, 24945113
List the prime factors of 2061598789.
17, 4643, 26119
List the prime factors of 10036338.
2, 3, 13, 223, 577
What are the prime factors of 194964543?
3, 2467, 2927
List the prime factors of 76040063.
11, 6912733
List the prime factors of 133668509.
13, 2617, 3929
What are the prime factors of 75192414?
2, 3, 11, 1